0
Suppose -3*p - 8 = -17. Suppose -93 = -9*f - p. Let a be 12 - (-2 - (-5 + 1)). Calculate the highest common divisor of f and a.
10
Let p = -16 - -13. Let f be p/(-18)*20*12. What is the greatest common divisor of f and 8?
8
Let i = -21 + 13. Let l be 1/((i/18)/(-4)). Let w = 54 - 45. What is the greatest common factor of w and l?
9
Let h = -1196 + 2036. Let d be h/49*63/6. What is the highest common factor of 20 and d?
20
Let d(l) = -2*l**2 - 4*l + 3. Let s be d(2). Let c = s - -15. Let k = 20 - c. What is the greatest common divisor of 18 and k?
18
Let c(k) = 7*k - 46. Let a be c(8). Let o = 3 - 1. What is the greatest common factor of o and a?
2
Suppose 9*g = 2*g + 7. Let o be (g - -48) + 2 + -3. Calculate the greatest common divisor of o and 32.
16
Let w = -16 + 11. Let j(y) = y**2 + 3*y + 1. Let n be j(w). Let h be -4 + 1 + n/1. Calculate the highest common factor of h and 32.
8
Let o = -75 - -103. What is the greatest common factor of 196 and o?
28
Let o = 7 - 2. Suppose -o*l = -n - 145, 125 = -0*l + 4*l + n. Suppose -36*a = -40*a + 5*z + 55, 3*z - 21 = -3*a. What is the highest common divisor of l and a?
10
Let v = 167 + 97. Let j(s) = 2*s**3 - 5*s**2 + 6*s - 3. Let z be j(3). Calculate the highest common factor of v and z.
24
Let o be -6*(-18)/(-27) - -7. Let v(s) = -s**3 + 12. Let q be v(0). Calculate the highest common divisor of o and q.
3
Suppose 697 = 3*z - 5*p, 2*z + p - 3*p = 458. Suppose n - 5*n = z. Let b = n + 96. What is the greatest common factor of 8 and b?
8
Let k(g) = -9*g + g - g**2 - 24 + 31 + 0*g. Let p be -2*(1 + 3) - -1. Let w be k(p). Calculate the greatest common factor of 56 and w.
14
Let u be (-8)/4 + 0 - (0 - 49). Suppose -x - t + 14 = 0, u + 29 = 4*x - t. Calculate the greatest common factor of x and 198.
18
Let r(u) = 30*u - 332. Let q be r(12). What is the greatest common factor of 238 and q?
14
Let q be 1842/18 + 4/(-3). Let w = -53 + q. Suppose w + 22 = 5*d. What is the greatest common factor of d and 98?
14
Let p = -939 + 1243. What is the highest common divisor of p and 95?
19
Let p(q) = 2*q - 28. Let i be p(16). Let y be 2/8 + 63/4. What is the highest common factor of y and i?
4
Suppose 7*n = 4*n + 6. Suppose 0 = -n*t - 0 - 4. Let w be 2/(((-4)/13)/t). Calculate the highest common divisor of 52 and w.
13
Let i(q) = -6*q + 8. Let z be i(-8). Let o = z + 19. Suppose 5*h - 4*m - 560 = 0, h + 3*m - o = 18. What is the highest common factor of 12 and h?
12
Let y be (-330)/(-25)*630/27. What is the greatest common factor of y and 112?
28
Let c = 1340 + -916. What is the highest common divisor of c and 477?
53
Let g(w) = -5*w + 6. Let l be g(-12). Let i = l - 44. Suppose p + 10 = i. What is the highest common divisor of p and 3?
3
Let f(c) = c**3 - 3*c**2 - 3*c + 6. Let g be f(6). Suppose 8*m = 3*m + 5*r + 45, r + 45 = 4*m. What is the greatest common divisor of g and m?
12
Suppose 7*v - 4*v + 4*q = 56, 2*v + q = 39. Let y be 221/52 + (-2)/8. What is the greatest common divisor of y and v?
4
Let k be -5 + 10 - (-6)/1. Let l(s) = 24*s**2 - s. Let f be l(1). Let p = f - k. What is the greatest common divisor of p and 4?
4
Let w be 56/(-16) - -6 - 2/4. Let x be (w + -9)*(0 + -1). What is the greatest common factor of 2 and x?
1
Suppose 0 = 3*f - 4 - 26. Let v = f - 4. Let g(x) = x**2 - 4*x + 7. Let r be g(5). Calculate the highest common factor of v and r.
6
Suppose k = 5*q + 132, -12*q = -16*q. What is the greatest common factor of 24 and k?
12
Suppose -3*a = -2*t - 151, 99 = 2*a - 8*t + 5*t. Calculate the highest common divisor of 238 and a.
17
Suppose -9*j + 2*o - 4858 = -11*j, 0 = -3*j - 4*o + 7286. Calculate the greatest common divisor of 90 and j.
90
Suppose -m = 3, -r + m + 12 = 4*m. Suppose -1 = -4*w + 7. Let o(q) = 58*q**2 - q + 1. Let n be o(w). What is the greatest common factor of n and r?
21
Let d be (1/1)/((-10)/(-290)). Suppose 3*q - d = z, -6*q = -q + 5*z - 15. Let u(g) = -11*g + 1. Let y be u(-5). What is the greatest common divisor of y and q?
8
Suppose 56 = 2*s - w - 84, 70 = s - 4*w. What is the highest common divisor of 315 and s?
35
Let n(m) = -11*m - 2. Suppose 4*l = 5*g - 31, -2*g + l + 1 = -9. Let y be (g/(-12))/((-5)/(-20)). Let a be n(y). What is the greatest common factor of a and 63?
9
Let h(v) = -140*v + 31. Let a be h(-6). Calculate the highest common factor of 13 and a.
13
Suppose 3*w - 2 = -5*o, -4*w - 5*o - 70 = -9*w. Let k = -9 + 12. Calculate the highest common divisor of k and w.
3
Let n(c) = 2*c + 4. Let j be n(6). Suppose 8*u - 195 = 157. Suppose -4*m = 5*f - 64, 2*f + m - 4*m - u = 0. What is the greatest common factor of f and j?
16
Let b(d) = d**2 + 13*d - 23. Let o be b(-14). Let w be 39*6/27 + (-12)/o. What is the highest common factor of w and 80?
10
Suppose 113 = -i - 3*p + 4209, 0 = 2*i + 2*p - 8192. What is the highest common divisor of i and 64?
64
Let a(j) = j**3 + 9*j**2 + 5*j + 20. Let f be a(-4). Calculate the highest common factor of 30 and f.
10
Let i(p) = -212*p + 76. Let f be i(-3). What is the highest common divisor of f and 8?
8
Suppose 3*p = 4*g + 1429, 0 = -4*p + 2*g + 3*g + 1907. Suppose 11*f - 177 = p. What is the highest common divisor of f and 660?
60
Let d(t) = 2*t - 20. Let i be d(10). Suppose -4*r + r + 72 = i. Calculate the greatest common factor of 3 and r.
3
Suppose -19*h = -24*h + 110. What is the highest common divisor of 55 and h?
11
Suppose -8*t - 100 = -4. Let s be t/(-3 + 7)*-3. Suppose 2*u - 142 = -2*j + 4*j, j = -3*u + 217. What is the highest common factor of s and u?
9
Let g be ((-111)/(-9))/(1/3). Suppose 31*p + 42 = g*p. Suppose 5*z - 14 - 91 = 4*v, 4*z - 84 = 5*v. What is the greatest common divisor of p and z?
7
Suppose -5*t = 10*t - 60. Suppose 0 = -4*i + 72 + 104. What is the greatest common factor of t and i?
4
Let v(r) = r**3 + 2*r**2 - 7*r + 26. Let h be v(3). What is the greatest common factor of 125 and h?
25
Suppose n + 5*b - 8 = 0, -5*n - 4*b = b - 80. Let m = -442 + 444. Calculate the greatest common factor of n and m.
2
Let q be -8 - 25/(-5) - -243. Calculate the highest common divisor of q and 84.
12
Suppose -3*t = 5*q - 479, -3*t + q = 3*q - 467. Calculate the greatest common factor of 27 and t.
9
Suppose -3 = -4*q + q. Let g(v) be the first derivative of 37*v**2/2 - v + 4. Let z be g(q). Calculate the greatest common factor of 12 and z.
12
Let z be (2*-3)/(-3) + -2. Let g(k) = k**2 - k + 22. Let p be g(z). Suppose 3*c - f + 9 = 344, 4*f + 20 = 0. What is the highest common divisor of c and p?
22
Let d(t) = t**3 - 11*t**2 + 9*t - 19. Let m be d(11). Suppose m = -41*l + 45*l. Calculate the highest common factor of 30 and l.
10
Suppose -7*v + 5*v = -80. Calculate the highest common factor of v and 260.
20
Suppose -6*p = -16*p + 12*p. Suppose p = 2*t - 37 - 35. What is the greatest common divisor of 48 and t?
12
Let f = -13 - -17. Let k be 80/15*(-21)/f. Let i = -8 - k. What is the greatest common divisor of 5 and i?
5
Suppose 5*m - 5*s + 2*s = 3, -3*m - 5*s - 5 = 0. Suppose m = -3*r - 0*r + 210. Let u = 24 + 4. Calculate the greatest common divisor of r and u.
14
Let h(b) = b**3 - 15*b**2 + 14*b + 7. Let m be h(14). Let u be (28/m - -98)*(-1)/(-2). Calculate the greatest common factor of 17 and u.
17
Let d be (-251)/2*-4 - (-55)/11. Calculate the highest common factor of 39 and d.
39
Suppose 2*p = 101 - 23. Calculate the highest common factor of p and 6.
3
Let v be 0 - (5/(-5) - 1). Suppose 0 = -4*n - v*k + 130, n - 155 = -4*n - 5*k. Let m = 68 - 17. Calculate the highest common divisor of m and n.
17
Suppose r - 3*p - 11 = 6*r, r - p - 1 = 0. Let l be (43/(-3) - r)*(-24 - -21). What is the greatest common divisor of l and 4?
4
Let u(p) = p + 16. Let s be u(-15). Let v = s - -21. Calculate the highest common divisor of 2 and v.
2
Let r(a) = 7*a**2 - 5 + 3*a + 8 + a**3 + 6. Let i be r(-7). Let f be i/(-42) + (-54)/(-7). What is the greatest common divisor of f and 1?
1
Let x be ((36/20)/3)/(4/180). What is the highest common divisor of x and 432?
27
Suppose -3*m + 315 = -3*h, 117 = 4*h - 5*h - 3*m. Let v = 38 + h. Let j be 12/(-8) + v/(-4). Calculate the greatest common divisor of 176 and j.
16
Let g be 2/6 - (-79130)/246. What is the highest common divisor of 14 and g?
14
Let z(x) = 9*x**2 - 54*x + 93. Let n(t) 